{"id":81746,"date":"2023-10-31T10:45:27","date_gmt":"2023-10-31T09:45:27","guid":{"rendered":"https:\/\/subblim.com\/funda-tablet-shock-case-ipad-pro-11-2021-20-18-black\/"},"modified":"2026-02-01T02:15:15","modified_gmt":"2026-02-01T01:15:15","slug":"capa-tablet-shock-capa-ipad-pro-11-2021-20-18-preta","status":"publish","type":"product","link":"https:\/\/subblim.com\/pt-pt\/capa-tablet-shock-capa-ipad-pro-11-2021-20-18-preta\/","title":{"rendered":"Capa Shock Case para iPad Pro 11&#8243; 2021\/20\/18 Preta"},"content":{"rendered":"<p>Capa exclusiva para o iPad Pro 11\u201d 2021\/20\/18 que oferecer\u00e1 prote\u00e7\u00e3o total ao seu dispositivo em todos os momentos. Possui um<br \/> design moderno e elegante no formato Full SmartCover. A capa traseira \u00e9 feita de material termopl\u00e1stico que dissipa o<br \/> calor do iPad, al\u00e9m de oferecer prote\u00e7\u00e3o especial para que voc\u00ea n\u00e3o precise se preocupar com danos e adiciona<br \/> bordas refor\u00e7adas contra quedas. Oferece f\u00e1cil instala\u00e7\u00e3o com um simples clipe. Possui diferentes \u00e2ngulos de vis\u00e3o com os quais voc\u00ea pode<br \/> assistir a v\u00eddeos ou escrever. Todas as fun\u00e7\u00f5es do Tablet s\u00e3o acess\u00edveis com a capa colocada e possui uma abertura para<br \/> c\u00e2mera que permite tirar fotos e v\u00eddeos. Esta capa de uma pe\u00e7a se ajusta ao seu novo iPad Pro 11\u201d 2021\/20\/18 como uma luva<br \/> e com um fecho magn\u00e9tico de precis\u00e3o. Oferece uma forma ideal de prote\u00e7\u00e3o onde quer que voc\u00ea v\u00e1.<\/p>\n<p>\u2022 Capa exclusiva para o iPad Pro 11\u201d 2021\/20\/18<br \/> \u2022 Material externo dur\u00e1vel com acabamento em tecido<br \/> \u2022 Bordas refor\u00e7adas contra quedas acidentais<br \/> \u2022 Capa anti-impacto semi-r\u00edgida para m\u00e1xima prote\u00e7\u00e3o<br \/> \u2022 Material termopl\u00e1stico com capacidade de dissipa\u00e7\u00e3o de calor<br \/> \u2022 Design ultraleve e muito fino<br \/> \u2022 Interior aveludado para evitar arranh\u00f5es<br \/> \u2022 Abertura para c\u00e2mera na parte traseira<br \/> \u2022 F\u00e1cil acesso aos bot\u00f5es de controle e porta de carregamento USB<br \/> \u2022 Fun\u00e7\u00e3o de suporte de visualiza\u00e7\u00e3o de duas posi\u00e7\u00f5es<br \/> \u2022 Espa\u00e7o integrado para transportar o Apple Pencil<br \/> \u2022 O sistema de fechamento \u00e9 magn\u00e9tico, facilitando o transporte seguro<\/p>\n","protected":false},"excerpt":{"rendered":"<p>Proteja seu valioso iPad com total confian\u00e7a gra\u00e7as a esta capa exclusiva que garante prote\u00e7\u00e3o completa em todos os momentos. Seu design moderno e elegante, Full SmartCover, dar\u00e1 ao seu dispositivo um visual sofisticado e atraente.<\/p>\n","protected":false},"featured_media":77052,"template":"","meta":[],"product_brand":[],"product_cat":[1941,1939,1943,1944,1942,1842,1940],"product_tag":[],"class_list":{"0":"post-81746","1":"product","2":"type-product","3":"status-publish","4":"has-post-thumbnail","6":"product_cat-acessorios-tablet","7":"product_cat-capa-transparente-antichoque-para-ipad-pro-m4-2024","8":"product_cat-capas-exclusivas-para-tablet-pt-pt","9":"product_cat-capas-para-ipad","10":"product_cat-capas-para-tablet-pt-pt","11":"product_cat-menos-20-pt-pt","12":"product_cat-shock-case-pt-pt","14":"first","15":"instock","16":"featured","17":"taxable","18":"shipping-taxable","19":"purchasable","20":"product-type-simple"},"_links":{"self":[{"href":"https:\/\/subblim.com\/pt-pt\/wp-json\/wp\/v2\/product\/81746","targetHints":{"allow":["GET"]}}],"collection":[{"href":"https:\/\/subblim.com\/pt-pt\/wp-json\/wp\/v2\/product"}],"about":[{"href":"https:\/\/subblim.com\/pt-pt\/wp-json\/wp\/v2\/types\/product"}],"version-history":[{"count":0,"href":"https:\/\/subblim.com\/pt-pt\/wp-json\/wp\/v2\/product\/81746\/revisions"}],"wp:featuredmedia":[{"embeddable":true,"href":"https:\/\/subblim.com\/pt-pt\/wp-json\/wp\/v2\/media\/77052"}],"wp:attachment":[{"href":"https:\/\/subblim.com\/pt-pt\/wp-json\/wp\/v2\/media?parent=81746"}],"wp:term":[{"taxonomy":"product_brand","embeddable":true,"href":"https:\/\/subblim.com\/pt-pt\/wp-json\/wp\/v2\/product_brand?post=81746"},{"taxonomy":"product_cat","embeddable":true,"href":"https:\/\/subblim.com\/pt-pt\/wp-json\/wp\/v2\/product_cat?post=81746"},{"taxonomy":"product_tag","embeddable":true,"href":"https:\/\/subblim.com\/pt-pt\/wp-json\/wp\/v2\/product_tag?post=81746"}],"curies":[{"name":"wp","href":"https:\/\/api.w.org\/{rel}","templated":true}]}}

<p>Capa exclusiva para o iPad Pro 11” 2021/20/18 que oferecerá proteção total ao seu dispositivo em todos os momentos. Possui um<br /> design moderno e elegante no formato Full SmartCover. A capa traseira é feita de material termoplástico que dissipa o<br /> calor do iPad, além de oferecer proteção especial para que você não precise se preocupar com danos e adiciona<br /> bordas reforçadas contra quedas. Oferece fácil instalação com um simples clipe. Possui diferentes ângulos de visão com os quais você pode<br /> assistir a vídeos ou escrever. Todas as funções do Tablet são acessíveis com a capa colocada e possui uma abertura para<br /> câmera que permite tirar fotos e vídeos. Esta capa de uma peça se ajusta ao seu novo iPad Pro 11” 2021/20/18 como uma luva<br /> e com um fecho magnético de precisão. Oferece uma forma ideal de proteção onde quer que você vá.</p>
<p>• Capa exclusiva para o iPad Pro 11” 2021/20/18<br /> • Material externo durável com acabamento em tecido<br /> • Bordas reforçadas contra quedas acidentais<br /> • Capa anti-impacto semi-rígida para máxima proteção<br /> • Material termoplástico com capacidade de dissipação de calor<br /> • Design ultraleve e muito fino<br /> • Interior aveludado para evitar arranhões<br /> • Abertura para câmera na parte traseira<br /> • Fácil acesso aos botões de controle e porta de carregamento USB<br /> • Função de suporte de visualização de duas posições<br /> • Espaço integrado para transportar o Apple Pencil<br /> • O sistema de fechamento é magnético, facilitando o transporte seguro</p>

<p>Proteja seu valioso iPad com total confiança graças a esta capa exclusiva que garante proteção completa em todos os momentos. Seu design moderno e elegante, Full SmartCover, dará ao seu dispositivo um visual sofisticado e atraente.</p>
