{"id":81356,"date":"2024-03-25T10:39:49","date_gmt":"2024-03-25T09:39:49","guid":{"rendered":"https:\/\/subblim.com\/funda-ordenador-business-laptop-sleeve-neoprene-v2-15\/"},"modified":"2026-05-06T09:06:45","modified_gmt":"2026-05-06T07:06:45","slug":"capa-para-laptop-de-neoprene-v2-15","status":"publish","type":"product","link":"https:\/\/subblim.com\/pt-pt\/capa-para-laptop-de-neoprene-v2-15\/","title":{"rendered":"Capa para laptop empresarial de neoprene V2 15&#8243; preta"},"content":{"rendered":"<p>A apar\u00eancia leve e fina, por\u00e9m elegante, torna a capa SUBBLIM Skin muito chamativa e atraente. Ela se adapta \u00e0s rotinas di\u00e1rias de viagens e ao uso em diferentes locais, como cafeterias e espa\u00e7os de coworking. Voc\u00ea pode facilmente guardar a capa na mochila e na mala sem se preocupar com danos ao seu laptop. Devido ao seu design funcional e moderno, pode ser usado por qualquer pessoa que queira proteger seu computador a um pre\u00e7o muito acess\u00edvel<\/p>\n<ul>\n<li>&nbsp;Capa de neoprene para computadores de 15,6&#8243;<\/li>\n<li>&nbsp;Compat\u00edvel com MacBook Pro 16 polegadas 2021 A2485 M1 Pro \/ M1 Max com Touch ID, MacBook Pro 16 A2141 2019 2020, MacBook Pro Retina 15.4 A1398;<br \/>Surface Book 3\/2\/1 15; Asus ZenBook \/ VivoBook 15; Acer Swift 3 14 \/ Swift 5 15.6, Acer Aspire 3\/5\/7 15.6; HP ProBook \/ Spectre x360 \/ Envy x360 15.6; cHP<br \/>Omen\/ Pavilion x360 15.6; Dell XPS \/ Precision \/ Vostro \/ Latitude 15<\/li>\n<li>&nbsp;Dimens\u00f5es externas: 388 x 275 x 20 mm<\/li>\n<li>&nbsp;Dimens\u00f5es internas: 377 x 267 x 18 mm<\/li>\n<li>&nbsp;Ideal para o transporte di\u00e1rio do seu dispositivo<\/li>\n<li>&nbsp;Fechamento com z\u00edper duplo para maior facilidade de uso<\/li>\n<li>&nbsp;Feito com neoprene de 3,5 mm de espessura para maior prote\u00e7\u00e3o<\/li>\n<li>&nbsp;Compacto e ideal que oferece acesso confort\u00e1vel ao seu computador e se encaixa perfeitamente<\/li>\n<li>&nbsp;Apar\u00eancia leve e fina, ao mesmo tempo que \u00e9 elegante<\/li>\n<\/ul>\n<p>&nbsp;<\/p>\n","protected":false},"excerpt":{"rendered":"<p>A apar\u00eancia leve e fina, por\u00e9m elegante, torna a capa SUBBLIM Skin muito chamativa e atraente. Ela se adapta \u00e0s rotinas di\u00e1rias de viagens e ao uso em diferentes locais, como cafeterias e espa\u00e7os de coworking. Voc\u00ea pode facilmente guardar a capa na mochila e na mala sem se preocupar com danos ao seu laptop. [&hellip;]<\/p>\n","protected":false},"featured_media":80209,"template":"","meta":[],"product_brand":[],"product_cat":[1843,2168,2146,1842],"product_tag":[2147,1892],"class_list":["post-81356","product","type-product","status-publish","has-post-thumbnail","product_cat-bolsas-e-capas-pt-pt","product_cat-capas-para-portateis-de-15-6-pt-pt","product_cat-capas-para-portatil-pt-pt","product_cat-menos-20-pt-pt","product_tag-funda-portatil-neopreno-pt-pt","product_tag-menos-10-pt-pt","first","instock","featured","taxable","shipping-taxable","purchasable","product-type-simple"],"_links":{"self":[{"href":"https:\/\/subblim.com\/pt-pt\/wp-json\/wp\/v2\/product\/81356","targetHints":{"allow":["GET"]}}],"collection":[{"href":"https:\/\/subblim.com\/pt-pt\/wp-json\/wp\/v2\/product"}],"about":[{"href":"https:\/\/subblim.com\/pt-pt\/wp-json\/wp\/v2\/types\/product"}],"version-history":[{"count":0,"href":"https:\/\/subblim.com\/pt-pt\/wp-json\/wp\/v2\/product\/81356\/revisions"}],"wp:featuredmedia":[{"embeddable":true,"href":"https:\/\/subblim.com\/pt-pt\/wp-json\/wp\/v2\/media\/80209"}],"wp:attachment":[{"href":"https:\/\/subblim.com\/pt-pt\/wp-json\/wp\/v2\/media?parent=81356"}],"wp:term":[{"taxonomy":"product_brand","embeddable":true,"href":"https:\/\/subblim.com\/pt-pt\/wp-json\/wp\/v2\/product_brand?post=81356"},{"taxonomy":"product_cat","embeddable":true,"href":"https:\/\/subblim.com\/pt-pt\/wp-json\/wp\/v2\/product_cat?post=81356"},{"taxonomy":"product_tag","embeddable":true,"href":"https:\/\/subblim.com\/pt-pt\/wp-json\/wp\/v2\/product_tag?post=81356"}],"curies":[{"name":"wp","href":"https:\/\/api.w.org\/{rel}","templated":true}]}}

<p>A aparência leve e fina, porém elegante, torna a capa SUBBLIM Skin muito chamativa e atraente. Ela se adapta às rotinas diárias de viagens e ao uso em diferentes locais, como cafeterias e espaços de coworking. Você pode facilmente guardar a capa na mochila e na mala sem se preocupar com danos ao seu laptop. Devido ao seu design funcional e moderno, pode ser usado por qualquer pessoa que queira proteger seu computador a um preço muito acessível</p>
<ul>
<li>&nbsp;Capa de neoprene para computadores de 15,6&#8243;</li>
<li>&nbsp;Compatível com MacBook Pro 16 polegadas 2021 A2485 M1 Pro / M1 Max com Touch ID, MacBook Pro 16 A2141 2019 2020, MacBook Pro Retina 15.4 A1398;<br />Surface Book 3/2/1 15; Asus ZenBook / VivoBook 15; Acer Swift 3 14 / Swift 5 15.6, Acer Aspire 3/5/7 15.6; HP ProBook / Spectre x360 / Envy x360 15.6; cHP<br />Omen/ Pavilion x360 15.6; Dell XPS / Precision / Vostro / Latitude 15</li>
<li>&nbsp;Dimensões externas: 388 x 275 x 20 mm</li>
<li>&nbsp;Dimensões internas: 377 x 267 x 18 mm</li>
<li>&nbsp;Ideal para o transporte diário do seu dispositivo</li>
<li>&nbsp;Fechamento com zíper duplo para maior facilidade de uso</li>
<li>&nbsp;Feito com neoprene de 3,5 mm de espessura para maior proteção</li>
<li>&nbsp;Compacto e ideal que oferece acesso confortável ao seu computador e se encaixa perfeitamente</li>
<li>&nbsp;Aparência leve e fina, ao mesmo tempo que é elegante</li>
</ul>
<p>&nbsp;</p>

<p>A aparência leve e fina, porém elegante, torna a capa SUBBLIM Skin muito chamativa e atraente. Ela se adapta às rotinas diárias de viagens e ao uso em diferentes locais, como cafeterias e espaços de coworking. Você pode facilmente guardar a capa na mochila e na mala sem se preocupar com danos ao seu laptop. [&hellip;]</p>
