{"id":81994,"date":"2022-10-26T10:04:22","date_gmt":"2022-10-26T08:04:22","guid":{"rendered":"https:\/\/subblim.com\/funda-con-teclado-retroiluminado-keytab-pro-bt-touchpad-ipad-pro-11-black\/"},"modified":"2025-12-24T00:05:22","modified_gmt":"2025-12-23T23:05:22","slug":"etui-clavier-retroeclaire-keytab-pro-bt-avec-pave-tactile-pour-ipad-pro-11-noir","status":"publish","type":"product","link":"https:\/\/subblim.com\/fr\/etui-clavier-retroeclaire-keytab-pro-bt-avec-pave-tactile-pour-ipad-pro-11-noir\/","title":{"rendered":"\u00c9tui clavier r\u00e9tro\u00e9clair\u00e9 et pav\u00e9 tactile pour iPad Pro 11&Prime; 2021\/2020 Noir Keytab Pro Bl BT"},"content":{"rendered":"<p>Naviguez sur votre iPad avec des gestes familiers ou d\u00e9placez le pointeur pour modifier facilement des documents ou des pr\u00e9sentations. <br \/>La coque arri\u00e8re est en mat\u00e9riau thermoplastique qui offre non seulement une excellente protection contre les chocs, mais a \u00e9galement la capacit\u00e9 de r\u00e9duire la temp\u00e9rature de l&rsquo;iPad, am\u00e9liorant ainsi ses performances. <br \/>Vous pouvez regarder des vid\u00e9os et des films gr\u00e2ce aux multiples angles de positionnement. <br \/>Le moule exclusif facile \u00e0 installer comprend un espace pour transporter l&rsquo;Apple Pencil. <br \/>Toutes les fonctions de la tablette sont accessibles m\u00eame <br \/>avec l&rsquo;\u00e9tui gr\u00e2ce \u00e0 des ajustements exclusifs et parfaitement positionn\u00e9s. <br \/>La batterie au lithium longue dur\u00e9e du clavier Bluetooth vous permettra de travailler longtemps et vous pourrez la recharger via le port MicroUSB.<\/p>\n<ul>\n<li>Clavier Bluetooth exclusif avec \u00e9tui pour iPad Pro 11 pouces 2020 et 2021.<\/li>\n<li>Compatible avec iOS et macOS v13.0 ou sup\u00e9rieur.<\/li>\n<li>Touches r\u00e9tro\u00e9clair\u00e9es en 7 couleurs s\u00e9lectionnables.<\/li>\n<li>Il int\u00e8gre un pav\u00e9 tactile qui le transforme en un poste de travail complet.<\/li>\n<li>Batterie Li-Ion 420 Mhz longue dur\u00e9e (30 jours d&rsquo;autonomie).<\/li>\n<li>\u00c9conomie d&rsquo;\u00e9nergie automatique.<\/li>\n<li>Le clavier se fixe \u00e0 l&rsquo;\u00e9tui gr\u00e2ce \u00e0 une technologie magn\u00e9tique.<\/li>\n<li>Mat\u00e9riau ext\u00e9rieur r\u00e9sistant avec finition tissu.<\/li>\n<li>\u00c9tui semi-rigide antichoc offrant une protection maximale pour votre iPad.<\/li>\n<li>Int\u00e9rieur en velours pour \u00e9viter les rayures.<\/li>\n<li>D\u00e9coupe pour l&rsquo;appareil photo et le port de charge.<\/li>\n<li>Acc\u00e8s \u00e0 tous les boutons, haut-parleurs, microphone et capteurs.<\/li>\n<li>Espace d\u00e9di\u00e9 pour transporter l&rsquo;Apple Pencil.<\/li>\n<li>Syst\u00e8me de fermeture \u00e0 rabat magn\u00e9tique. Transport s\u00e9curis\u00e9.<\/li>\n<\/ul>\n","protected":false},"excerpt":{"rendered":"<p>Exclusivement pour l&rsquo;iPad Pro 11 pouces 2020 et 2021. Vous pouvez d\u00e9sormais travailler comme un pro et tirer le meilleur parti de votre iPad gr\u00e2ce \u00e0 ce clavier Bluetooth de derni\u00e8re g\u00e9n\u00e9ration qui comprend un TouchPad ultra-pr\u00e9cis (iOS 13 ou sup\u00e9rieur requis) et des touches r\u00e9tro\u00e9clair\u00e9es 7 couleurs pour une utilisation dans des conditions de faible luminosit\u00e9 ambiante.<\/p>\n","protected":false},"featured_media":78904,"template":"","meta":[],"product_brand":[],"product_cat":[1918,2015,2014,1920,1921,2414,1919,1963],"product_tag":[3234,2019],"class_list":{"0":"post-81994","1":"product","2":"type-product","3":"status-publish","4":"has-post-thumbnail","6":"product_cat-accessoires-tablette-fr","7":"product_cat-etuis-avec-clavier-bluetooth-pour-tablette-fr","8":"product_cat-etuis-avec-clavier-pour-tablette-fr","9":"product_cat-etuis-exclusifs-pour-tablette-fr","10":"product_cat-etuis-pour-ipad-fr","11":"product_cat-etuis-pour-ipad-avec-clavier-fr","12":"product_cat-etuis-tablette-fr","13":"product_cat-menos-30-fr","14":"product_tag-black-friday-fr","15":"product_tag-con-teclado-extraible-fr","17":"first","18":"outofstock","19":"taxable","20":"shipping-taxable","21":"purchasable","22":"product-type-simple"},"_links":{"self":[{"href":"https:\/\/subblim.com\/fr\/wp-json\/wp\/v2\/product\/81994","targetHints":{"allow":["GET"]}}],"collection":[{"href":"https:\/\/subblim.com\/fr\/wp-json\/wp\/v2\/product"}],"about":[{"href":"https:\/\/subblim.com\/fr\/wp-json\/wp\/v2\/types\/product"}],"version-history":[{"count":0,"href":"https:\/\/subblim.com\/fr\/wp-json\/wp\/v2\/product\/81994\/revisions"}],"wp:featuredmedia":[{"embeddable":true,"href":"https:\/\/subblim.com\/fr\/wp-json\/wp\/v2\/media\/78904"}],"wp:attachment":[{"href":"https:\/\/subblim.com\/fr\/wp-json\/wp\/v2\/media?parent=81994"}],"wp:term":[{"taxonomy":"product_brand","embeddable":true,"href":"https:\/\/subblim.com\/fr\/wp-json\/wp\/v2\/product_brand?post=81994"},{"taxonomy":"product_cat","embeddable":true,"href":"https:\/\/subblim.com\/fr\/wp-json\/wp\/v2\/product_cat?post=81994"},{"taxonomy":"product_tag","embeddable":true,"href":"https:\/\/subblim.com\/fr\/wp-json\/wp\/v2\/product_tag?post=81994"}],"curies":[{"name":"wp","href":"https:\/\/api.w.org\/{rel}","templated":true}]}}

Étui clavier rétroéclairé et pavé tactile pour iPad Pro 11&Prime; 2021/2020 Noir Keytab Pro Bl BT

<p>Naviguez sur votre iPad avec des gestes familiers ou déplacez le pointeur pour modifier facilement des documents ou des présentations. <br />La coque arrière est en matériau thermoplastique qui offre non seulement une excellente protection contre les chocs, mais a également la capacité de réduire la température de l&rsquo;iPad, améliorant ainsi ses performances. <br />Vous pouvez regarder des vidéos et des films grâce aux multiples angles de positionnement. <br />Le moule exclusif facile à installer comprend un espace pour transporter l&rsquo;Apple Pencil. <br />Toutes les fonctions de la tablette sont accessibles même <br />avec l&rsquo;étui grâce à des ajustements exclusifs et parfaitement positionnés. <br />La batterie au lithium longue durée du clavier Bluetooth vous permettra de travailler longtemps et vous pourrez la recharger via le port MicroUSB.</p>
<ul>
<li>Clavier Bluetooth exclusif avec étui pour iPad Pro 11 pouces 2020 et 2021.</li>
<li>Compatible avec iOS et macOS v13.0 ou supérieur.</li>
<li>Touches rétroéclairées en 7 couleurs sélectionnables.</li>
<li>Il intègre un pavé tactile qui le transforme en un poste de travail complet.</li>
<li>Batterie Li-Ion 420 Mhz longue durée (30 jours d&rsquo;autonomie).</li>
<li>Économie d&rsquo;énergie automatique.</li>
<li>Le clavier se fixe à l&rsquo;étui grâce à une technologie magnétique.</li>
<li>Matériau extérieur résistant avec finition tissu.</li>
<li>Étui semi-rigide antichoc offrant une protection maximale pour votre iPad.</li>
<li>Intérieur en velours pour éviter les rayures.</li>
<li>Découpe pour l&rsquo;appareil photo et le port de charge.</li>
<li>Accès à tous les boutons, haut-parleurs, microphone et capteurs.</li>
<li>Espace dédié pour transporter l&rsquo;Apple Pencil.</li>
<li>Système de fermeture à rabat magnétique. Transport sécurisé.</li>
</ul>

<p>Exclusivement pour l&rsquo;iPad Pro 11 pouces 2020 et 2021. Vous pouvez désormais travailler comme un pro et tirer le meilleur parti de votre iPad grâce à ce clavier Bluetooth de dernière génération qui comprend un TouchPad ultra-précis (iOS 13 ou supérieur requis) et des touches rétroéclairées 7 couleurs pour une utilisation dans des conditions de faible luminosité ambiante.</p>
